osite number?
False
Is 9803423573 prime?
False
Is 2491085785 a prime number?
False
Is 133700993 a prime number?
False
Is 4341181223 composite?
True
Is 5189711311 composite?
True
Is 355139747 composite?
False
Is 223003187 prime?
False
Is 14521791005 prime?
False
Is 1822839341 composite?
True
Is 12502506173 a composite number?
True
Is 65289151463 a composite number?
True
Is 1315277681 prime?
False
Is 2195724497 a composite number?
False
Is 586221267 prime?
False
Is 50855856959 prime?
True
Is 511526765 prime?
False
Is 4227876179 prime?
False
Is 2963032417 a prime number?
True
Is 152019794503 a composite number?
False
Is 1005436501 a prime number?
False
Is 1500675301 a composite number?
True
Is 89652086339 composite?
True
Is 17641187 a composite number?
False
Is 3388957631 a prime number?
True
Is 33779656979 prime?
True
Is 36704783 a composite number?
False
Is 1197496823 a prime number?
False
Is 187580573 prime?
True
Is 215288959 a composite number?
True
Is 56088533 composite?
True
Is 830962901 a prime number?
True
Is 357569951 a prime number?
True
Is 531262517 composite?
False
Is 48027276859 a prime number?
True
Is 304540481527 composite?
False
Is 339197309 prime?
False
Is 1774096069 prime?
True
Is 390091561 composite?
False
Is 641789193 a composite number?
True
Is 4937232889 a prime number?
True
Is 48999176249 prime?
False
Is 1019508257 a composite number?
True
Is 2817390551 a prime number?
True
Is 74687067173 a prime number?
False
Is 14040875623 a prime number?
True
Is 2581786471 prime?
False
Is 7060890929 a composite number?
False
Is 3470425711 prime?
False
Is 15311656993 prime?
False
Is 43436759063 a composite number?
True
Is 577152791 a composite number?
True
Is 369854203 composite?
False
Is 206858212609 a prime number?
False
Is 280373 a prime number?
True
Is 29507264557 a composite number?
True
Is 4762998811 composite?
False
Is 10501092967 prime?
False
Is 20821733 a prime number?
False
Is 2323708439 a prime number?
False
Is 145254653 a composite number?
False
Is 149234161 prime?
False
Is 755336823 a composite number?
True
Is 161067359497 composite?
True
Is 80857459369 composite?
False
Is 948268199 a composite number?
False
Is 15207473585 composite?
True
Is 15778514581 prime?
False
Is 15061998379 composite?
False
Is 19930809454 a composite number?
True
Is 715934407 prime?
True
Is 19984249147 a prime number?
False
Is 12163540021 a composite number?
True
Is 15924115507 prime?
False
Is 71784448531 composite?
False
Is 1313553343 composite?
False
Is 2489770883 a composite number?
False
Is 965436401 prime?
True
Is 37378956613 prime?
False
Is 3747202177 composite?
False
Is 1482634793 composite?
False
Is 13949325821 a prime number?
False
Is 2709800353 a prime number?
False
Is 2009862399 a composite number?
True
Is 1492444757 prime?
True
Is 3355128037 a composite number?
True
Is 2272217791 a composite number?
False
Is 6686459317 a composite number?
False
Is 754039829 a prime number?
False
Is 29010014543 a prime number?
False
Is 2541118277 composite?
False
Is 11110399921 composite?
False
Is 1378636147 prime?
False
Is 7447986619 composite?
False
Is 564195117 a composite number?
True
Is 22085157763 composite?
False
Is 5314630241 prime?
True
Is 13538474 a prime number?
False
Is 98070787 prime?
True
Is 41865956593 a composite number?
True
Is 1795667641 a prime number?
False
Is 12310395371 a composite number?
True
Is 921379661 prime?
False
Is 8903240627 a composite number?
False
Is 91091369 a prime number?
True
Is 14253115963 a prime number?
True
Is 271640407 a composite number?
False
Is 18801979817 a prime number?
True
Is 4345587647 prime?
True
Is 95309426621 a prime number?
True
Is 33865625371 a composite number?
False
Is 11777604077 prime?
True
Is 126110021 a prime number?
True
Is 41496597809 prime?
True
Is 50600731933 a composite number?
False
Is 21204767161 a composite number?
False
Is 15817950107 prime?
True
Is 10658564269 composite?
True
Is 1640960033 composite?
False
Is 399171103 prime?
False
Is 662534473 composite?
True
Is 341352733 a prime number?
True
Is 2461288259 a prime number?
False
Is 23077153633 a composite number?
False
Is 18747690863 a prime number?
False
Is 3350281687 composite?
False
Is 2397446809 composite?
True
Is 1478362367 prime?
True
Is 2723477293 prime?
False
Is 129632953721 prime?
True
Is 140631734 composite?
True
Is 7348068137 a prime number?
False
Is 1172760733 a composite number?
True
Is 486698651 a composite number?
True
Is 12256377151 a composite number?
False
Is 430171769 a prime number?
True
Is 463796171 a composite number?
False
Is 76771191593 a prime number?
False
Is 25976834441 prime?
True
Is 12140945867 a prime number?
True
Is 10473091019 composite?
True
Is 2525270271 a composite number?
True
Is 962279195 prime?
False
Is 1840526563 prime?
True
Is 4882846235 composite?
True
Is 50602639163 a prime number?
False
Is 668524289 composite?
True
Is 30926929279 composite?
True
Is 3969886243 a prime number?
True
Is 2371400263 a prime number?
False
Is 1854166211 prime?
True
Is 4219475489 a prime number?
False
Is 27204706993 prime?
False
Is 1073816243 a prime number?
False
Is 550283637 prime?
False
Is 1145597477 a prime number?
False
Is 36000084259 a prime number?
True
Is 1909722777 prime?
False
Is 6525131989 prime?
True
Is 237932077 a composite number?
False
Is 1411003589 prime?
False
Is 7766623 prime?
False
Is 3637926671 a prime number?
False
Is 85430238119 composite?
False
Is 13490064089 prime?
True
Is 1699558319 composite?
True
Is 1267026011 prime?
True
Is 185951279099 a prime number?
True
Is 2138939233 a prime number?
False
Is 112340083 prime?
True
Is 463696469 prime?
False
Is 100849980937 prime?
False
Is 253544219 prime?
True
Is 287494859 a prime number?
True
Is 1213471321 a composite number?
False
Is 24827976781 composite?
True
Is 165035141 prime?
True
Is 2787375961 a composite number?
True
Is 38600816497 a composite number?
False
Is 2340353027 composite?
True
Is 65680056355 prime?
False
Is 6335920039 a prime number?
False
Is 3579582319 a prime number?
False
Is 52654166197 composite?
False
Is 990336301 a prime number?
True
Is 161286311 a prime number?
False
Is 9632664433 a prime number?
False
Is 5415875285 a composite number?
True
Is 7380887 composite?
False
Is 11722157885 a prime number?
False
Is 4648252913 a prime number?
False
Is 6058120553 a composite number?
False
Is 8242777 a composite number?
False
Is 123305921807 composite?
False
Is 6257468263 a prime number?
True
Is 253800284105 a prime number?
False
Is 7270793759 composite?
False
Is 420514693 prime?
True
Is 230940071 a composite number?
True
Is 46139616529 a composite number?
True
Is 70919758337 prime?
True
Is 4279019003 a composite number?
True
Is 95593067 a prime number?
True
Is 806091343 a composite number?
False
Is 2168587429 a composite number?
False
Is 701063131 a prime number?
True
Is 2708868021 prime?
False
Is 4286024593 prime?
True
Is 922164067 a composite number?
True
Is 4112971 composite?
False
Is 15973725587 a prime number?
False
Is 2699252581 composite?
False
Is 20196907469 prime?
True
Is 24515351219 a composite number?
True
Is 1944100013 prime?
False
Is 604258745 prime?
False
Is 337848551 a composite number?
False
Is 34526596927 composite?
False
Is 33970609961 a prime number?
True
Is 29463005755 composite?
True
Is 243256345 a composite number?
True
Is 79262399 a prime number?
False
Is 8145375709 a prime number?
False
Is 2267683109 a prime number?
True
Is 3160031131 a composite number?
True
Is 15006003653 prime?
True
Is 6543560369 composite?
False
Is 66402823301 prime?
False
Is 91347226241 a prime number?
True
Is 5700040609 prime?
True
Is 1764057727 composite?
False
Is 4708212557 prime?
False
Is 1153582303 prime?
False
Is 299745533 prime?
True
Is 333766691 composite?
True
Is 558199465 composite?
True
Is 524819521 a prime number?
False
Is 12833545319 composite?
True
Is 27883763993 a composite number?
False
Is 471229351 a prime number?
True
Is 1471152909 composite?
True
Is 49096949007 composite?
True
Is 107306327071 a composite number?
False
Is 18748253081 a composite number?
True
Is 51054853247 composite?
True
Is 116928710501 prime?
True
Is 13811123761 a prime number?
False
Is 1334795131 prime?
False
Is 5578259293 composite?
False
Is 1950391411 p